ative of 1/6*f**4 - 35*f + 1 + 2*f**2 + 1/6*f**3 - 1/20*f**5. Give y(4).
-24
Let l be (-6)/(-9) - 24/9. Let v(d) = -3*d. Suppose 0 = o - 8*o - 7. Let r(f) = 7*f + 2. Let z(s) = o*r(s) - 2*v(s). Determine z(l).
0
Let o = -5 + 25. Suppose 5*j = -0*j + o. Let b(h) be the third derivative of h**6/120 - h**5/12 + 5*h**4/24 + h**3/6 - 50*h**2 + 3. Give b(j).
5
Let u(t) = t**3 + 8*t**2 - 2*t + 21. Let a(d) = d**2 - 132*d - 413. Let k be a(-3). Calculate u(k).
37
Suppose 2*y + 13 = -w, -53*w + 4 = -57*w. Let h(r) = -60*r - 350. Determine h(y).
10
Suppose -2*s - 5*d + 4*d + 32 = 0, 2*s + 5*d = 32. Let t(a) = -4 - 2 - 11 + 3*a**2 - 2*a + s. What is t(2)?
7
Let f(m) = -m + 8. Let a(y) = -13*y + 2. Let g(i) = 4*i - 1. Let w(l) = 3*a(l) + 8*g(l). Let c be w(1). Let x(r) = 3*r + 36. Let z be x(c). Determine f(z).
-1
Let d(q) = -2*q**2 - 2*q - 5. Let l(p) = 3*p**2 + p + 5. Let c(k) = -4*d(k) - 3*l(k). Let i be (139 + -1)/(34 - 33). Let g = -132 + i. Give c(g).
-1
Let j(y) be the second derivative of -y**4/12 + 11*y**3/6 - 15*y**2/2 - y. Let d = 7587 - 7578. What is j(d)?
3
Let j be 116/(-16) + 4 - (-2)/8. Let l be (6/(-18)*-6)/((-2)/j). Let h(s) = 1 - 7*s + 10*s + l*s. Calculate h(1).
7
Suppose 153*w - 5*d = 155*w + 16, -3*w - 3*d - 15 = 0. Let p(y) = 16*y + 51. Calculate p(w).
3
Suppose d - 1 = p, 5*d = 5*p - p + 8. Suppose 16 = j + p*j. Let o(b) be the second derivative of b**3/2 - 5*b**2/2 + 251*b - 2. Calculate o(j).
7
Let a(n) = n**2 + 20*n - 3. Suppose 93 = -4*u - 3*f, 5*u - 32*f = -34*f - 111. Determine a(u).
18
Let c(b) = -3*b**2 - 33*b - 34. Suppose -3*a - 5*q - 55 = 0, 23*a - 5*q - 5 = 21*a. What is c(a)?
-4
Let y(j) = j**2 + 5*j - 63. Let v(b) = -107*b - 2364. Let f be v(-22). Give y(f).
-13
Let x(u) = u + 9. Let w(a) = -2*a**3 - 4*a**2 - 2*a. Let g be w(-2). Let d(m) = m**3 - 3*m**2 - 3*m + 3. Let c be d(g). Determine x(c).
16
Let y(z) = -3*z**2 - 10*z - 14. Let f(x) = 4*x**3 + 33*x**2 - 42*x - 137. Let h be f(-9). What is y(h)?
-6
Let w(f) be the first derivative of f**6/180 - f**5/40 + f**4/24 - 26*f**3/3 + 17. Let u(k) be the third derivative of w(k). Give u(-3).
28
Suppose 10*x = -4*h + 102, 5*h - 6*x - 113 = -4*x. Let l(o) = -o**2 + 24*o - 28. Calculate l(h).
-5
Suppose 20 = 145*z - 143*z. Let n(w) = 11 - 2*w + z*w**2 - 17*w**2 + 11*w**2 - 9. Determine n(2).
14
Suppose k + 3 = 2*k. Let x(g) = 11*g**3 + 3*g**2 - g + 17. Let b(y) = 3*y**3 + y**2 + 5. Suppose -z + 12*z + 22 = 0. Let f(h) = z*x(h) + 7*b(h). What is f(k)?
-11
Let a(w) = -w**3 - 7*w**2 + 53*w + 99. Let n be a(-11). Let x(r) be the third derivative of n*r + 13*r**2 - 1/24*r**4 + 7/6*r**3 + 0. Give x(5).
2
Let k(q) = -q**3 + 11 - 3*q + 48 + 20*q**2 - q**3 - 7*q**2 + 15. Let s be k(7). Let h(p) = -p**3 + 5*p**2 - 6*p + 5. Calculate h(s).
-3
Let t(g) be the first derivative of g**3/3 - 11*g**2/2 + 5*g - 1148. Let r(c) = -4*c**2 - c - 1. Let z be r(-1). Let n be 11/(-2 - (1 + z)). Calculate t(n).
5
Let r(h) be the third derivative of 13*h**4/24 - 15*h**2. Let a(b) = -9*b - 2. Let f(u) = 3*a(u) + 2*r(u). Calculate f(5).
-11
Let x = -7 + 12. Let a(m) = -29*m**3 - 10*m**2 + 14*m + 5. Let o(s) = 82*s**3 + 29*s**2 - 39*s - 14. Let g(w) = 17*a(w) + 6*o(w). Calculate g(x).
-4
Suppose 7*n = -5*p + 2*n - 10, 2*p + 14 = -4*n. Let i = p - 3. Let w(r) be the third derivative of -r**4/24 + r**3/6 + 41296*r**2. Determine w(i).
1
Let p(c) = -12*c + 5. Let s(r) = -25*r - 948. Let l be s(-38). What is p(l)?
-19
Suppose 5*j + 16 = 3*q, 0 = 252*q - 250*q - 5*j - 14. Let w(t) be the first derivative of 7*t - 1/2*t**q - 1. Give w(-6).
13
Let m(r) = r**3 - 4*r**2 - r - 1. Let n(v) = -5*v - 11. Let h be n(-3). Let g be (h/(-12) - 2/(-24))*-172. Let x = -39 + g. Give m(x).
-5
Let b(h) be the second derivative of -h**5/20 + 19*h**3/6 - 2834*h. Give b(-5).
30
Let l(g) be the first derivative of -1/2*g**2 - 7*g + 27. Calculate l(5).
-12
Let g = 32 + -25. Let r be 12/(-10)*(-250)/20. Suppose -r + g = -2*c. Let f(z) = -z**2 + 5*z - 1. What is f(c)?
3
Let u(d) = -2*d**2 - d + 4. Let p(v) = 5*v**2 + 6*v - 11. Let c(g) = p(g) + 2*u(g). Let x be -7 + (-1 + 3)/2. Give c(x).
9
Let s(h) be the third derivative of -3*h**4/8 + 13*h**3/6 + 612*h**2 + 1. Determine s(3).
-14
Let w be 228/(-95)*-10 + -22. Let l(u) = -5 + 2*u**3 + 3 - 3*u**3. What is l(w)?
-10
Let d(n) be the second derivative of 7*n**3 + 38*n**2 - 137*n. Let w be d(-2). Let k(a) = -5*a - 3. Calculate k(w).
37
Let n = 2 - 3. Let y(i) be the third derivative of 3*i**4/8 - 76497*i**2. What is y(n)?
-9
Suppose 3*i - 3*c + 3 = -0, -i - c = -1. Let u be (-58)/(-87) + (i - 8/(-6)). Let h(t) = -4*t**2 + 1 + 7*t + 4 - 133*t**3 + 0*t**u + 132*t**3. Calculate h(-5).
-5
Let i(m) = m**2 - 12*m. Let j be i(12). Let y(c) = c**3 - 6*c**2 + 15*c - 84. Let u(f) = f**3 - 5*f**2 + 13*f - 74. Let v(b) = 7*u(b) - 6*y(b). What is v(j)?
-14
Let c(t) be the second derivative of -t**4/12 + 27*t**2/2 + 22*t + 144. Give c(0).
27
Let h(n) = 5*n**3 - 1038*n**2 - 5*n**3 + 12*n**3 + 0*n**3 + 2 + 1036*n**2. What is h(-1)?
-12
Let z(m) be the third derivative of -3*m**5/4 - m**4/12 + m**3/6 - 138*m**2 - 2. Determine z(1).
-46
Suppose 5*n + 3 = 5*t + 28, 0 = 2*n + 2. Let g(u) = -81*u - 18. Let j be g(-3). Let x(h) = 454 - 225 - h - j. What is x(t)?
10
Suppose -x + v = -4, x + 4*v = -7 + 1. Let j be (81/(-12) - 6/(-8)) + x. Let s(n) = n**2 + n - 5. Give s(j).
7
Suppose -4*x = -2*y + 24, 16 = 5*x + 41. Let o(a) = -a**3 + 5*a**2 - 3*a - 1. Determine o(y).
5
Let w = 993 - 990. Let h(j) = -1 + 0*j - 4 + 6 + j. Let m(t) = -10*t - 9. Let o(a) = 6*h(a) + m(a). What is o(w)?
-15
Let b = -55 - 42. Let o = 96 + b. Let w(q) = -6*q**2 - q**2 - q**2. Determine w(o).
-8
Let o(s) be the third derivative of 0*s + 7/6*s**3 + 22*s**2 + 1/8*s**4 + 1. Give o(0).
7
Let j(i) = -2*i**2 - 15*i + 11. Let f be j(-6). Let p = f + -34. Let v(m) be the first derivative of m**4/4 + 5*m**3/3 - 2*m**2 - 5*m + 3. Determine v(p).
15
Let b(r) be the third derivative of r**4/4 + 8*r**2 - 3. Let n = 23 - 22. Let l be 3/(-6)*(3 - n). Give b(l).
-6
Let g(h) = h - 7. Suppose 4*c - 281 - 60 = 3*p, p - c + 115 = 0. Let y be (51/p)/(1/(-21)). Give g(y).
2
Let b(g) = -7*g + 113. Suppose 0 = -9*r + 6*r + 51. Let k be b(r). Let c(o) = o**3 + 5*o**2 - 5*o + 4. Give c(k).
-2
Suppose 28 = 5*b - b. Let f(a) be the second derivative of a**3/3 - 7*a**2 + 147*a - 175. Give f(b).
0
Let p(h) be the third derivative of h**6/120 + h**5/40 + h**4/12 - 31*h**3/6 + 53*h**2. Let i(m) be the first derivative of p(m). Give i(-1).
2
Suppose 13*p - 16 = 36. Let q be ((-3)/(-4))/((-9)/6)*p. Let l(r) = 8*r. Determine l(q).
-16
Let v(h) be the first derivative of -2*h**3/3 + h**2/2 - h + 6. Suppose 4*r + 3*j = -17, 5*r + 5*j + 88 = 58. Determine v(r).
-2
Let l(r) = 39*r + 21. Let o(a) = -5*a - 1. Let d(i) = -l(i) - 8*o(i). Give d(-3).
-16
Let b(m) = 10*m - 892 + 14*m + 1032. What is b(-6)?
-4
Let f be 17/((-119)/(-42)) - -94. Suppose -36 = -f*u + 94*u. Let q(a) = a**2 - 7*a + 8. Determine q(u).
2
Let z(a) = -2*a - 13. Let t be z(10). Let g = t - -35. Let j(k) = -20*k**2 + 17*k**2 + 3*k - 2*k. What is j(g)?
-10
Let d = -25 - -61. Let n be 4/14 + 6 + d/21. Suppose 3*o = 4*r + n + 2, 3*o + 4*r = 2. Let j(y) = y**2 + y - 1. What is j(o)?
5
Let l(x) = 1 - 7 + 6 - 11*x + 3. Suppose 8*a + 4*a = 12. Suppose 3*q - t = 8, -a = 4*q + 3*t - 3. Give l(q).
-19
Let n(k) = k**3 - 6*k**2 + k + 15. Let d(c) = c**3 + c**2 - 418*c + 47. Let p be d(-21). Calculate n(p).
-5
Suppose 2067 - 1748 = 11*z. Let g(p) = 3*p**3 - 3*p**2 - 3*p + 4. Let d be g(3). Suppose -z = -13*v + d. Let x(r) = r**2 - 4*r - 5. Determine x(v).
7
Let x(u) = 16*u + 9*u + 5 - 28*u + 2*u. Suppose 4*t = 43 + 77. Suppose -j = -3*m + m - 9, -5*j - t = 5*m. Give x(m).
10
Let u be 1 - -5*8/(-40). Let n(y) = y + u*y - 1192 + 1208. Determine n(-10).
6
Let w(p) = 25*p + 1. Let c(a) = 296*a + 32. Let t(x) = 3*c(x) - 33*w(x). What is t(-1)?
0
Let q(r) be the third derivative of 0*r - 1/60*r**5 + 1/3*r**3 + 1/12*r**4 + 0 + r**2. Suppose -3*o + 194*w - 192*w + 26 = 0, 5*w = 4*o - 72. Determine q(o).
-6
Let s = -9 + 18. Let u(d) be the first derivative of -d**2/2 + 19*d - 1137. Give u(s).
10
Let f(d) = -55476 + 111103 - 55323 + 16*d. What is f(-19)?
0
Let l be 4/(-6)*(-54)/(-36). Let z be (l + 2)*-2*57/38. Let h(i) be t